lue of (3 - -3) + 7 + 4 - (-1 + 17)?
1
What is 4 + (14 - 8) - (45 - 17 - -21)?
-39
What is 52 + 3 + -100 + 28?
-17
Calculate (24 - (10 - (-17 - -10 - -5))) + 4 - 3.
13
Calculate (-1 - (0 - 19)) + (175 - 306) - -19.
-94
What is -40 - (-27 + 258 + -160)?
-111
Evaluate -1293 + 1251 + -2 + 126.
82
What is the value of (16 - 3 - 23) + 4 - 7?
-13
Calculate 58 - ((45 - 22) + -4 - (-4 - -4)).
39
What is (7 - 1) + -65 + 7 + (22 - (0 - -12))?
-42
What is the value of (1238 - 1233) + (-10 - (2 + -4))?
-3
Calculate (-21 + 0 - (38 + -53) - 3) + (8 - -2).
1
What is 17 + 12 + (-32 - -47) + 39?
83
What is (33 - 9) + 358 + -383?
-1
What is the value of -612 + 845 - (5 + 100)?
128
Evaluate 1 + -15 - (-24 + 20 + (30 - 16)).
-24
41 + 15 + 1 + -2 - -1
56
140 - -1 - (56 + 1 - (-200 + 241))
125
What is -40 + (-64 - -74) + -39?
-69
What is (-3075 - -3064) + (49 - 1)?
37
What is 129 - (214 - 106) - 144?
-123
Evaluate -2 + -1 - ((-59 - (8 - (-15 + 40))) + 2).
37
Calculate (-2 - 40 - -12) + (35 + -46 - (2 - 9)).
-34
What is ((-71 - -60) + 15 + -1 - 27) + 11 - -3?
-10
10443 - 10444 - (108 - -3 - -1 - (-2 + 1))
-114
What is the value of 48 + (-8 - ((17 - 10) + -27 + 4))?
56
Calculate (1 + -2 - -9) + (19 - (-8 + -4)) + -125.
-86
Evaluate 0 - -33 - (-4148 - -4185).
-4
-20 - -20 - (-107 + 10) - (-5 + 7)
95
Calculate -18 + (5 - (28 - 14 - -10 - 20)).
-17
Calculate -62 - (-42 - 23) - -36.
39
(-2 - -13) + -24 + 2 + -14
-25
Evaluate -40 - 26 - (-64 + 15).
-17
(24 - (32 - 10)) + 24 + 21
47
51 + 3 + 27 + -52
29
Calculate 48 - -8 - (-2 - -22).
36
355 + -319 - (-37 + 83)
-10
15 + 63 - -21 - (-15 + 36)
78
Calculate 139 - ((-130 - -54) + 195).
20
Calculate 18 + -3 + (91 - 97) + 7.
16
77 - (-170 + 26 + 85)
136
What is the value of 15 - (-1 - -22 - (-339 + 347))?
2
Calculate (-3 + -7 + 4 - (-57 - 14)) + -25 + 24.
64
What is the value of (83 - 34) + -47 - (-5 - -1 - 0 - 24)?
30
Evaluate (10 - (-11 - -7) - 59) + 12.
-33
What is -9 + 9 - (-102 + -4) - (28 + 23 + -36)?
91
(-130 + 172 - -70) + (-8 + 0 - -2)
106
Calculate (-13 - (-36 - -16)) + (-2 - 1) + -7 + 10.
7
What is (-102 - -96 - (-3 - -1)) + 13?
9
What is -40 + (-85 + -3 - -44)?
-84
Evaluate -5445 + 5449 + 32 + -1.
35
Evaluate -119 + 81 + (143 - 92).
13
-37 + -43 + (6 - -25) - -28
-21
What is the value of (7 + 43 + -25 - 35) + (0 - -8)?
-2
-40 + 5 + 11 + (34 - 0)
10
Calculate (15 - ((5 + 16 - 28) + -17)) + 21.
60
Evaluate -51 + 139 + (-3 - -3 - -5) + -26.
67
Calculate 110 - 12 - 53 - 74.
-29
-27 + 13 - (1 + -14 - (-35 - (-54 - -36)))
-18
What is -29 + -14 + 24 + -15 + -13?
-47
What is (20 + -10 - -30 - 58) + (2 + 0 - -2)?
-14
Evaluate (-2 + -22 - -93) + -46.
23
Evaluate 121 + 59 + -98 + -50.
32
-56 + 1 + (-521 - -641)
65
What is the value of (3 - -10 - (26 - 33) - (3 + 7)) + 45?
55
What is the value of 1 + 12 + 3 + -46 + -2 + -4 + 10?
-26
Evaluate -289 + 291 - (10 + -1 + 1 - (31 + -27)).
-4
What is -13 - 2 - (2 - 3 - -23)?
-37
What is -88 + (7048 - 7034) + (0 - 11 - (3 - 2))?
-86
What is the value of -6 + 11 - 64 - (7 - (-12 - -24 - 11))?
-65
Calculate (0 + -2 - -14) + (45 - 89) + 31 + -71.
-72
Calculate -31 - (-86 + -58 + 72).
41
(-51 - -75 - 19) + 71
76
What is the value of 6971 + -7110 + (2 - -40)?
-97
16 - -1 - (183 - (-191 - -266))
-91
((2 + -8 - -15) + -28 - 54) + -17
-90
-3 + 1 - (-7 - (113 + -115))
3
5 - -8 - -38 - 37
14
What is (253 - 258) + -5 + -27 + -4?
-41
Evaluate -12 - (29 + -21 + 9 + (6 - 0 - -4)).
-39
Evaluate 44 + (4 - -4) + -16.
36
What is 16 + -93 - (-14 - (-1 + -8))?
-72
Calculate 469 + -488 + (-28 - 1).
-48
Calculate (-52 - (-12 + 65)) + -24.
-129
What is the value of 14 + (13 - 6) + -3 - (-11 - 2 - -10)?
21
What is the value of (-109 - (-24 - -6 - -26)) + 17 - 10?
-110
Evaluate (-6 - 35 - -27) + 23.
9
(-31 - -55) + -29 + (0 - (-6 + 5))
-4
63 + -5 - -36 - 66
28
Evaluate -80 + 3 + 12 + (1 - (3 - (-10 - -8))).
-69
What is the value of (60 - 24) + 26 + -63?
-1
What is -85 + -57 + 8 - -82?
-52
What is the value of 62 + (39 + 40 - 103)?
38
Evaluate -16 + (14 + -13 - 7) + -62 + -23.
-107
Calculate (2 + -13 - (151 - 162)) + (-48 - 1) + -4.
-53
What is 73 - (11 + 12 + -14 + 11)?
53
-5 + (-20 - (-32 + 20 - (-1 - 109)))
-123
What is -46 - (-57 + -3 + 27)?
-13
What is the value of -18 + (126 - 90) - (-8 + 1)?
25
What is the value of (-26 - (-11 + -3)) + (29 - (-5 + -1))?
23
What is the value of 1 - (52 - -1) - (-6 + 14 + (-2 - 8))?
-50
What is 110 + -185 - (0 - -49)?
-124
Evaluate 19 + (13 - (-48 + 46)).
34
7 - 88 - ((-11 - (1 - -2 - 37)) + -10)
-94
Evaluate -36 - (-52 + (21 - -33)).
-38
(0 - 13 - (-55 - -38)) + (5 - 1) + 29
37
Calculate -12 - 22 - 11 - ((-8 - -12) + -2 - -5).
-52
What is the value of 1 - (4 + -3) - -4 - (271 + -272) - -14?
19
What is the value of (-40 - (-9 + -3)) + 60 + -31?
1
What is (28 - (-1 + 24 + -258 + 252)) + 37?
48
What is the value of 18 - (19 + 24 + -26 + 68)?
-67
What is the value of -89 + (16 - (-7 + -6))?
-60
What is the value of (14 + (-9 - 17) - -10) + -7?
-9
Calculate 45 + -76 - (-7 + -21) - (120 - 7).
-116
Evaluate -57 - 0 - (-99 + -57 + 143).
-44
3 + 0 - -34 - (-14 - (-26 + 4 + 10))
39
What is the value of 0 + (24 - 22) + (-4 + 4 + 2 - 32)?
-28
-32 - 1 - (-1595 - -1513)
49
3 + -22 - 54 - 11 - (-3 - (1 - -2))
-78
Calculate (-61 + -9 - -74) + 37.
41
Evaluate 9 + -28 + 20 + -13 + 3.
-9
What is the value of (-131 - -12) + (103 - 11) + -46?
-73
12 + (-36 - -11 - -21)
8
Evaluate -2 - (4 - (-1 + -3) - (83 - (38 + -11))).
46
What is (-2 - -19) + 9 + -1 + 207 + -233?
-1
-47 - (-12 + 18 - ((0 - -3) + -2 + 16))
-36
Calculate -13 + (21 - (31 + -8 - -5)).
-20
What is the value of 33 + (68 + -34 + 37 - 19)?
85
Evaluate 8 - 1 - (-73 + -30 + 117) - 61.
-68
Calculate 7 - (-53 + 22 + -5 - 60).
103
What is the value of (9 - ((-12 - -25) + 14 - 16)) + -16 + -1?
-19
Calculate (22 - (-20 + 10 + -28 - 1)) + (0 - 6).
55
What is the value of -2 + (2 - -13) - (12 - (-16 - 145 - -56))?
-104
What is the value of (-65 - -6) + 37 + -25 + -20?
-67
Calculate (-7 - 12 - (-13 - 16)) + 24.
34
What is the value of (67 - (-3 + 10)) + -64?
-4
What is 25 + -101 + 80 - -47?
51
Calculate (97 - (34 + -2) - 37) + (-2 - -2).
28
What is (-8 - -8) + 7 + (3 - 8) + (2 - -11)?
15
Calculate (32 - 119) + 137 - 109.
-59
What is 3 + 4 - -4 - (62 - (-16 - (-37 - -5)))?
-35
Calculate -2 + -104 + (27 - 23) + (359 - 343).
-86
Calculate -85 + 78 + (-3 - 1) - (8 - 76).
57
Calculate -63 + (9 - (-36 - 45)).
27
Calculate 30 + -17 + -24 + 1 + (3 - -43).
36
Evaluate -16 + (-41 + 5 - -24) + 35.
7
What is 14 + (-38 + 2 - -37) + -8?
7
What is the value of 24 - (-7 - (5 + -2 - (0 + 12)))?
22
Calculate -8 + 21 + -9 + -24 + 19 + 0 + -74.
-75
What is the value of (49 - (-3 + 1)) + -2 - (1846 - 1841)?
44
Calculate -70 - (-108 - (28 - 63)).
3
Evaluate 5 + 22 + -14 + (2 - -5 - 0).
20
-35 + (12 - 15 - (0 - -6)) + 2 - 6
-48
What is the value of -2437 + 2460 - (0 + 1 + -2 - (-11 - -12))?
25
Evaluate -23 + (18 - (-56 + (52 - 28))).
27
Evaluate -24 - (44 - 37 - 21) - (-2 + (70 - -1)).
-79
Calculate 131 - 52 - (-13 + 16).
76
Evaluate -22 + 34 + -8 + (10 - -1 - 8) + -48.
-41
What is the value of -23 - (28 + -111 + -36) - 13?
83
Calculate (2 - 39) + (1 + (7 - 5) - 10).
-44
Calculate -44 + (113 - (127 + -75)).
17
What is -28 + (-19 - (21 - 44)) - 23?
-47
77 - (-2 + -7 + (11 - 11) + 1 + -5)
90
What is the value of 2 + -2 + (-9 - (-61 + 22))?
30
(-38 - 84) + 61 - -108
47
Calculate -19 - (-16 + 11) - 23 - 23.
-60
(-51 - -40) + (6 - (3 - 5))
-3
What is the value of (-59 - 39) + (28 - -17)?
-53
-6 + 20 + -8 + (-2 - 6 - 4)
-6
What is the value of -1002 + 989 + (-62 - (0 + 0)) + -8?
-83
What is the value of 0 + 37 + (-16 - (12 + -31)) + (1 - 0)?
41
Evaluate (-15 - (-33 + 8 - 4)) + -12 + 12.
14
-54 - (1 + -1 + (60 - 67) + -2)
-45
(14 - (50 + -40 + (-4 - -1))) + 13
20
Evaluate -4 + 1 - (47 - (7 + -21 + -11 + 14)).
-61
What is -65 - (-21 - 77 - -58)?
-25
(40 - (47 + -5)) + 30
28
What is the value of (-23 - -10) + 4 + 13 - (58 - 23)?
-31
Evaluate 41 + (0 - 3) + (700 - 697).
41
Calculate (22 - -2) + (-164 - 3) + (-1 - (12 + -2)).
-154
What is the value of (-7 + -21 + -16 - -22) + -1 + 13 - 23?
-33
Calculate 5 + (-5 - -1) + -391 + 368.
-22
What is the value of -2 - ((0 - -13) + (117 - 63))?
-69
What is the value of (-4 - (-17 + 23) - (-23 + 0)) + 40?
53
What is 24 - ((-15 - 0)